b0
Convert 204451220 (base 6) to base 10.
3583740
What is -1620307 (base 8) in base 9?
-781717
Convert -1014625 (base 8) to base 12.
-10b5b1
What is -1101334212 (base 5) in base 4?
-21002321232
What is 3406700 (base 8) in base 11?
579a85
What is 10111011101011111 (base 2) in base 7?
550106
347431 (base 9) to base 11
132a00
-4cd384 (base 14) to base 7
-31341024
Convert -1621cd (base 14) to base 13.
-2114c9
-11210110 (base 5) to base 8
-304457
What is -2331001230 (base 4) in base 3?
-1110100002000
Convert -305330 (base 8) to base 4.
-120223120
What is 4431020 (base 5) in base 11?
5294a
What is -122420110 (base 6) in base 7?
-26054346
44363516 (base 7) to base 8
16472142
116191 (base 11) to base 15
3974e
1033130311 (base 4) to base 3
121112101221
Convert 42555126 (base 7) to base 2.
1101110101100100011110
Convert 4a644a0 (base 11) to base 8.
41420766
What is -4b3b8 (base 13) in base 5?
-13422234
What is 1424000 (base 6) in base 4?
103311000
Convert -22254143 (base 8) to base 10.
-4806755
What is 2334211 (base 5) in base 12?
20b00
What is 10130320 (base 4) in base 6?
220224
Convert 3301199 (base 10) to base 14.
61d0bd
What is 17212482 (base 9) in base 5?
4202121241
Convert 100101000000110110011 (base 2) to base 7.
13211003
What is -1473258 (base 9) in base 13?
-227528
-371705 (base 14) to base 9
-3484716
What is -12130133102 (base 5) in base 2?
-110110100011110001000101
What is -11001110111000100 (base 2) in base 12?
-51370
What is d42c (base 15) in base 8?
127421
-517b92 (base 13) to base 16
-1d072f
-19ea3 (base 16) to base 5
-11344042
What is 9144bc (base 14) in base 15?
6691a8
-3455604 (base 7) to base 4
-1222000101
Convert -1282468 (base 10) to base 13.
-35b975
Convert 1821205 (base 9) to base 4.
3320133323
What is 110655655 (base 7) in base 2?
11001100100100010001000
What is -7143827 (base 10) in base 6?
-413041135
Convert 243520 (base 6) to base 7.
116622
-332232110 (base 4) to base 10
-256916
What is 56b5 (base 15) in base 10?
18395
What is -1132221 (base 6) in base 4?
-32113111
-310241 (base 10) to base 3
-120202120102
-1ab200b (base 13) to base 9
-17601282
What is -467050 (base 9) in base 2?
-1000100100010000110
Convert 11020212012210 (base 3) to base 4.
20213330301
Convert 120003131111 (base 4) to base 13.
13ca14a
Convert -46245621 (base 8) to base 15.
-d36a6d
Convert 202332120 (base 4) to base 7.
1134441
-10111110010011010 (base 2) to base 5
-11104214
What is 106421 (base 9) in base 6?
1211114
Convert -2d514e (base 16) to base 4.
-23111011032
What is -9147921 (base 10) in base 14?
-1301b0d
Convert -121021130 (base 4) to base 6.
-2112512
Convert 101100002000 (base 3) to base 12.
99899
What is 500370 (base 12) in base 16?
12fe04
What is 6985084 (base 10) in base 5?
3242010314
What is 14472d (base 15) in base 11?
608036
What is -101410 (base 7) in base 15?
-521d
What is -411612 (base 7) in base 15?
-15c50
20210010222001 (base 3) to base 5
1410324004
What is -12624027 (base 8) in base 10?
-2828311
-10010000000000010 (base 2) to base 3
-10202010202
14515503 (base 6) to base 16
7c05f
Convert 62265 (base 15) to base 9.
523605
Convert -437a7 (base 15) to base 12.
-a4071
Convert 13705757 (base 8) to base 11.
1839121
1303b8 (base 13) to base 11
292911
2112001311 (base 4) to base 6
21100553
What is 167645 (base 12) in base 16?
5e4d5
What is -11310113 (base 4) in base 11?
-169a5
What is -2658aa4 (base 11) in base 3?
-22122102121120
What is 1371190 (base 13) in base 12?
208304a
What is ab93ac (base 13) in base 4?
33130022203
-142851 (base 9) to base 16
-15595
What is 3022522 (base 7) in base 12?
1536b4
446015 (base 10) to base 8
1547077
Convert 220ca (base 14) to base 7.
462343
6211063 (base 8) to base 10
1643059
Convert adc41 (base 14) to base 13.
11a261
-5889a1 (base 13) to base 9
-3856348
Convert -726e1 (base 16) to base 5.
-104444310
What is 1000100000010001001 (base 2) in base 4?
1010002021
25435450 (base 7) to base 11
1339903
8c7a3 (base 15) to base 6
13330300
What is 69d01 (base 15) in base 8?
1222233
-21211002002121 (base 3) to base 12
-1484381
Convert 834e2 (base 16) to base 12.
21b2aa
What is -168254 (base 10) in base 14?
-45462
What is 231436 (base 9) in base 4?
201321303
Convert 80007 (base 12) to base 10.
165895
What is 2467204 (base 8) in base 13?
1ac238
Convert 114298 (base 10) to base 5.
12124143
What is -101322341 (base 5) in base 10?
-417221
Convert -655245 (base 7) to base 13.
-40287
Convert -2211212210211 (base 3) to base 11.
-943a35
Convert 6be60a (base 15) to base 6.
302344531
Convert 812e1a (base 16) to base 4.
200102320122
Convert -635374 (base 11) to base 15.
-15166d
Convert -1044124142 (base 5) to base 7.
-25554613
Convert -a46346 (base 11) to base 5.
-412134343
Convert d7306 (base 16) to base 15.
12625e
Convert 22312101102 (base 4) to base 16.
2b6452
Convert 11102210121 (base 3) to base 13.
309a0
What is 40445 (base 12) in base 7?
465440
Convert -6534565 (base 8) to base 9.
-3258434
What is -17968885 (base 10) in base 8?
-104427365
What is 12034214302 (base 5) in base 4?
311110022022
465054 (base 7) to base 2
10100010110111100
2d779 (base 14) to base 5
12121413
What is 111110001101010110101 (base 2) in base 15?
2a3ebd
Convert 248a6 (base 15) to base 3.
12221002110
113483 (base 9) to base 2
10000101001100100
Convert -1100100010001010100 (base 2) to base 6.
-12445232
1210220230 (base 5) to base 7
32653523
-185543 (base 11) to base 7
-2266215
Convert -1214033 (base 5) to base 14.
-8562
What is 322002131 (base 4) in base 3?
110002002122
-15aa0 (base 13) to base 8
-120626
Convert -40100035 (base 6) to base 15.
-174148
Convert -241152 (base 7) to base 11.
-2a87a
-2210705 (base 11) to base 12
-1371951
What is 228706 (base 13) in base 5?
202142343
What is -1d178e (base 16) in base 5?
-442002244
Convert -169b3b (base 15) to base 3.
-2001200110202
Convert -772110 (base 8) to base 9.
-434427
Convert -254e (base 16) to base 7.
-36562
2500323 (base 6) to base 8
402333
Convert 56593 (base 15) to base 10.
274638
Convert 122421 (base 6) to base 13.
4cab
131333131213 (base 4) to base 12
2771a07
Convert -125250 (base 8) to base 12.
-21348
What is b2343 (base 12) in base 14?
607bd
Convert 24aab6 (base 14) to base 3.
2100221211220
Convert -71760 (base 9) to base 15.
-e01c
Convert -203313000023 (base 4) to base 7.
-142621133
What is 273a8a0 (base 11) in base 2?
10010000010011111010110
Convert 12200212110 (base 3) to base 2.
11011011000101010
-262865 (base 11) to base 10
-413649
Convert -65ebb (base 15) to base 16.
-4f16f
1b47cca (base 13) to base 14
12b56db
Convert -4224513 (base 6) to base 16.
-323fd
11100110010001011100101 (base 2) to base 7
121064520
Convert d4cb14 (base 14) to base 7.
115014224
What is -141112104 (base 5) in base 16?
-b075b
What is -13aef0 (base 16) in base 12?
-522614
What is -100100000110011000011 (base 2) in base 16?
-120cc3
What is -100101111001100 (base 2) in base 14?
-7100
-a84041 (base 12) to base 5
-1140124134
What is -332321303121 (base 4) in base 11?
-9342a47
-480b6 (base 12) to base 5
-11100111
What is 10110011100111000100 (base 2) in base 15?
e7ea9
What is 479d1f (base 16) in base 5?
2200141104
102101110022 (base 3) to base 12
a985b
What is 1011101111100111000011 (base 2) in base 16?
2ef9c3
-2570051 (base 10) to base 16
-273743
What is 47b670 (base 12) in base 10?
1160436
-403433114 (base 5) to base 14
-303c75
Convert 1741d5 (base 14) to base 2.
11000111101110101111
Convert -252135350 (base 6) to base 14.
-908dd8
What is 320110000 (base 4) in base 2?
111000010100000000
Convert -67440 (base 15) to base 3.
-121200101120
Convert -1522607 (base 8) to base 7.
-3462642
Convert -965498 (base 10) to base 15.
-141118
What is -3103387 (base 12) in base 7?
-141206416
-11001110010000101000 (base 2) to base 11
-527817
What is 11312113002 (base 4) in base 11?
958060
Convert -195c9 (base 13) to base 7.
-263601
-120012012211 (base 3) to base 12
-125087
What is a27074 (base 11) in base 6?
55203050
-275eb (base 16) to base 12
-793a3
What is -613016 (base 8) in base 3?
-101021102220
What is -203212 (base 5) in base 9?
-10144
-1875745 (base 9) to base 14
-1d6189
-96022 (base 10) to base 13
-34924
325aa6 (base 13) to base 4
10201001010
What is 1bb1b06 (base 13) in base 10?
9229265
What is -4210132 (base 5) in base 4?
-10033022